e of 49?
True
Is 3213240 a multiple of 41?
False
Is 214 a factor of 383744?
False
Does 45 divide 115090?
False
Is 3858010 a multiple of 416?
False
Is 30565 a multiple of 25?
False
Does 21 divide 152279?
False
Is 12650584 a multiple of 64?
False
Does 4 divide 6253882?
False
Does 10 divide 14633190?
True
Is 407666 a multiple of 259?
True
Is 6553520 a multiple of 10?
True
Is 2872384 a multiple of 683?
False
Is 48 a factor of 95664?
True
Is 618904 a multiple of 23?
False
Is 35 a factor of 219599?
False
Does 26 divide 411114?
False
Does 186 divide 59271?
False
Does 445 divide 6143383?
False
Is 12 a factor of 953316?
True
Is 552 a multiple of 30?
False
Is 4809744 a multiple of 526?
True
Is 114 a factor of 67702?
False
Is 32200 a multiple of 140?
True
Is 487 a factor of 1829659?
True
Does 38 divide 13427?
False
Does 151 divide 3361109?
True
Is 1392000 a multiple of 750?
True
Is 1171468 a multiple of 32?
False
Is 231552 a multiple of 268?
True
Does 92 divide 699889?
False
Is 119 a factor of 348835?
False
Does 268 divide 57620?
True
Is 1071 a factor of 5233680?
False
Does 244 divide 1269288?
True
Is 13 a factor of 10101?
True
Is 1214735 a multiple of 3?
False
Is 3784628 a multiple of 80?
False
Is 287010 a multiple of 45?
True
Is 8 a factor of 8270880?
True
Is 620802 a multiple of 13?
True
Is 42 a factor of 656754?
True
Is 48 a factor of 435859?
False
Is 26544 a multiple of 158?
True
Is 5 a factor of 14435?
True
Is 21 a factor of 3021438?
True
Is 185128 a multiple of 30?
False
Is 33093 a multiple of 136?
False
Is 78 a factor of 1214694?
True
Is 759089 a multiple of 481?
False
Does 14 divide 108976?
True
Does 112 divide 7730909?
False
Does 8 divide 173856?
True
Is 1195 a factor of 1811620?
True
Is 278922 a multiple of 42?
True
Is 297913 a multiple of 371?
True
Is 215696 a multiple of 9?
False
Is 81836 a multiple of 82?
True
Is 746 a factor of 987721?
False
Is 29 a factor of 3434364?
False
Does 51 divide 105042?
False
Is 3 a factor of 2594459?
False
Is 227 a factor of 15981?
False
Is 64 a factor of 1852672?
True
Is 24 a factor of 483600?
True
Is 331 a factor of 476640?
True
Is 15 a factor of 8330?
False
Is 144298 a multiple of 11?
True
Does 46 divide 25308?
False
Is 16 a factor of 27936?
True
Is 23 a factor of 15126607?
False
Is 27 a factor of 250610?
False
Is 85 a factor of 21420?
True
Does 52 divide 469700?
False
Is 87 a factor of 1089113?
False
Is 13 a factor of 3521570?
True
Is 32 a factor of 190336?
True
Does 912 divide 1558608?
True
Is 37043 a multiple of 17?
True
Does 117 divide 19068?
False
Is 2110136 a multiple of 392?
True
Is 52 a factor of 46352?
False
Does 85 divide 688585?
True
Is 256 a factor of 404802?
False
Is 25 a factor of 252001?
False
Is 1618392 a multiple of 197?
False
Is 261 a factor of 381582?
True
Is 3565129 a multiple of 253?
False
Is 10 a factor of 3966800?
True
Does 69 divide 62859?
True
Does 6 divide 4274879?
False
Is 133 a factor of 8010851?
False
Does 39 divide 921843?
True
Is 5 a factor of 27879?
False
Does 98 divide 27440?
True
Is 282 a factor of 3249315?
False
Is 511556 a multiple of 106?
True
Does 236 divide 123664?
True
Is 80 a factor of 99045?
False
Does 19 divide 53516?
False
Is 628 a factor of 1318571?
False
Is 203983 a multiple of 123?
False
Is 151800 a multiple of 46?
True
Is 60 a factor of 143924?
False
Is 2272 a multiple of 32?
True
Is 83 a factor of 62510?
False
Is 171 a factor of 974987?
False
Is 1043132 a multiple of 15?
False
Does 1090 divide 17248517?
False
Does 169 divide 114413?
True
Does 11 divide 4414379?
False
Is 10380345 a multiple of 1905?
True
Is 26 a factor of 189546?
False
Does 8 divide 298728?
True
Is 530 a factor of 13794840?
True
Is 4694892 a multiple of 12?
True
Does 16 divide 220534?
False
Is 513792 a multiple of 36?
True
Does 62 divide 306214?
False
Is 756856 a multiple of 89?
True
Is 29 a factor of 3697837?
False
Does 233 divide 10514125?
True
Is 66552 a multiple of 376?
True
Is 4426770 a multiple of 205?
True
Is 6 a factor of 840126?
True
Is 58482 a multiple of 513?
True
Is 186 a factor of 1092936?
True
Is 144021 a multiple of 21?
False
Is 1310107 a multiple of 143?
False
Is 40 a factor of 92760?
True
Is 146 a factor of 1470308?
False
Does 46 divide 72484?
False
Is 131419 a multiple of 3?
False
Does 102 divide 70380?
True
Is 7 a factor of 834478?
False
Is 48 a factor of 134905?
False
Is 331 a factor of 236418?
False
Is 2306982 a multiple of 17?
False
Does 43 divide 13071?
False
Is 6793834 a multiple of 12?
False
Is 372784 a multiple of 23?
True
Does 13 divide 450008?
True
Is 958668 a multiple of 12?
True
Is 81 a factor of 2088747?
True
Is 144327 a multiple of 6?
False
Is 606167 a multiple of 179?
False
Is 38 a factor of 445816?
True
Is 829296 a multiple of 48?
True
Is 1092726 a multiple of 153?
True
Is 61 a factor of 547048?
True
Is 352410 a multiple of 51?
True
Does 42 divide 661458?
True
Is 14 a factor of 782314?
False
Is 55 a factor of 1091849?
False
Is 182439 a multiple of 134?
False
Is 614969 a multiple of 114?
False
Is 730578 a multiple of 57?
False
Is 224 a factor of 6394752?
True
Is 5093593 a multiple of 668?
False
Is 5 a factor of 174209?
False
Is 23 a factor of 46552?
True
Is 11811 a multiple of 3?
True
Does 42 divide 42210?
True
Is 119 a factor of 4782372?
True
Is 45 a factor of 245205?
True
Is 329672 a multiple of 29?
True
Is 531 a factor of 1296616?
False
Is 1598491 a multiple of 499?
False
Does 2 divide 306585?
False
Is 302380 a multiple of 227?
False
Does 8 divide 15824976?
True
Does 15 divide 122050?
False
Does 10 divide 10944?
False
Does 8 divide 430696?
True
Is 358 a factor of 2479866?
True
Does 34 divide 7845897?
False
Is 5 a factor of 583919?
False
Is 9 a factor of 344230?
False
Does 85 divide 39440?
True
Is 1104290 a multiple of 110?
True
Is 11 a factor of 5493686?
True
Does 3 divide 3347628?
True
Is 8 a factor of 133496?
True
Does 17 divide 1502545?
True
Is 474944 a multiple of 69?
False
Is 27 a factor of 498852?
True
Does 834 divide 13449888?
False
Is 248989 a multiple of 105?
False
Is 4295441 a multiple of 15?
False
Is 5189265 a multiple of 243?
True
Does 595 divide 4410609?
False
Is 527472 a multiple of 407?
True
Does 10 divide 406830?
True
Is 3902073 a multiple of 15?
False
Is 228 a factor of 339720?
True
Is 1555539 a multiple of 18?
False
Does 70 divide 84668?
False
Is 760631 a multiple of 17?
True
Does 550 divide 4306887?
False
Is 309 a factor of 47895?
True
Does 395 divide 22317166?
False
Is 344 a factor of 211241?
False
Is 563 a factor of 989191?
True
Does 9 divide 31401?
True
Is 1353271 a multiple of 336?
False
Is 1634 a factor of 24465882?
True
Does 52 divide 35988?
False
Is 117 a factor of 146401?
False
Is 111874 a multiple of 262?
True
Is 113910 a multiple of 5?
True
Does 170 divide 59788?
False
Does 40 divide 78080?
True
Is 1922900 a multiple of 70?
True
Is 1847224 a multiple of 197?
False
Is 500619 a multiple of 7?
True
Is 56 a factor of 412552?
True
Does 43 divide 367005?
True
Does 30 divide 224160?
True
Does 1279 divide 4099982?
False
Is 8463086 a multiple of 644?
False
Is 60 a factor of 9478?
False
Is 142 a factor of 589442?
True
Is 322421 a multiple of 20?
False
Is 122493 a multiple of 47?
False
Does 16 divide 11821838?
False
Is 8902957 a multiple of 12?
False
Does 227 divide 1560625?
True
Is 22 a factor of 124504?
False
Is 6 a factor of 219756?
True
Is 32 a factor of 1397344?
True
Is 6958784 a multiple of 1568?
True
Is 22 a factor of 3607802?
True
Is 5 a factor of 2828788?
False
Is 2224905 a multiple of 339?
False
Does 1364 divide 23486716?
True
Is 2 a factor of 173747?
False
Does 249 divide 186529?
False
Is 190 a factor of 78077?
False
Is 3310440 a multiple of 60?
True
Does 60 divide 224706?
False
Does 2097 divide 17454105?
False
Is 41 a factor of 719509?
True
Is 246 a factor of 90557?
False
Does 39 divide 1556568?
True
Does 871 divide 2309021?
True
Is 251 a factor of 439027?
False
Is 667492 a multiple of 31?
True
Is 10 a factor of 83090?
True
Is 255 a factor of 343521?
False
Is 29 a factor of 774880?
True
Is 36438 a multiple of 2?
True
Is 475147 a multiple of 77?
False
Is 60043 a multiple of 16?
False
Is 98 a factor of 913752?
True
Does 131 divide 420903?
True
Is 61 a factor of 51110?
False
Does 5 divide 2041561?
False
Is 102 a factor of 37128?